497?
4
What is the thousands digit of 5426?
5
What is the thousands digit of 8483?
8
What is the ten thousands digit of 30122?
3
What is the tens digit of 28991?
9
What is the units digit of 4458?
8
What is the tens digit of 1243?
4
What is the thousands digit of 14196?
4
What is the units digit of 2796?
6
What is the hundreds digit of 81275?
2
What is the tens digit of 36640?
4
What is the thousands digit of 1608?
1
What is the hundreds digit of 49538?
5
What is the hundreds digit of 19606?
6
What is the thousands digit of 9962?
9
What is the hundreds digit of 3905?
9
What is the thousands digit of 87716?
7
What is the units digit of 4531?
1
What is the units digit of 2039?
9
What is the units digit of 9582?
2
What is the hundreds digit of 149?
1
What is the units digit of 6130?
0
What is the thousands digit of 3517?
3
What is the tens digit of 32949?
4
What is the tens digit of 2505?
0
What is the ten thousands digit of 186194?
8
What is the units digit of 44490?
0
What is the units digit of 5138?
8
What is the tens digit of 8419?
1
What is the units digit of 920?
0
What is the units digit of 13493?
3
What is the units digit of 3100?
0
What is the thousands digit of 2756?
2
What is the thousands digit of 2945?
2
What is the hundreds digit of 5278?
2
What is the tens digit of 1232?
3
What is the hundred thousands digit of 128698?
1
What is the hundreds digit of 2939?
9
What is the hundreds digit of 2579?
5
What is the hundreds digit of 82632?
6
What is the tens digit of 2752?
5
What is the ten thousands digit of 19005?
1
What is the hundreds digit of 20159?
1
What is the tens digit of 35964?
6
What is the tens digit of 22871?
7
What is the units digit of 5497?
7
What is the hundreds digit of 2022?
0
What is the thousands digit of 1691?
1
What is the hundreds digit of 49998?
9
What is the thousands digit of 7656?
7
What is the units digit of 4083?
3
What is the units digit of 1795?
5
What is the hundreds digit of 15853?
8
What is the tens digit of 4088?
8
What is the units digit of 3751?
1
What is the hundreds digit of 2642?
6
What is the hundred thousands digit of 145194?
1
What is the units digit of 3225?
5
What is the units digit of 49922?
2
What is the units digit of 95446?
6
What is the thousands digit of 1202?
1
What is the hundreds digit of 696?
6
What is the units digit of 45454?
4
What is the thousands digit of 1484?
1
What is the ten thousands digit of 25617?
2
What is the hundreds digit of 23407?
4
What is the units digit of 6115?
5
What is the thousands digit of 83416?
3
What is the hundreds digit of 4559?
5
What is the thousands digit of 12344?
2
What is the units digit of 5770?
0
What is the tens digit of 4466?
6
What is the hundreds digit of 5361?
3
What is the thousands digit of 8361?
8
What is the hundreds digit of 273?
2
What is the thousands digit of 8179?
8
What is the thousands digit of 3192?
3
What is the hundreds digit of 1829?
8
What is the units digit of 766?
6
What is the units digit of 22871?
1
What is the units digit of 32?
2
What is the tens digit of 39726?
2
What is the hundreds digit of 16344?
3
What is the hundreds digit of 1600?
6
What is the ten thousands digit of 25068?
2
What is the ten thousands digit of 15175?
1
What is the tens digit of 1445?
4
What is the tens digit of 562?
6
What is the thousands digit of 3957?
3
What is the hundreds digit of 5277?
2
What is the thousands digit of 1647?
1
What is the units digit of 129?
9
What is the units digit of 9043?
3
What is the units digit of 274?
4
What is the thousands digit of 7936?
7
What is the hundreds digit of 4501?
5
What is the thousands digit of 1713?
1
What is the units digit of 4727?
7
What is the tens digit of 5982?
8
What is the hundred thousands digit of 176714?
1
What is the tens digit of 32614?
1
What is the hundreds digit of 15931?
9
What is the thousands digit of 5873?
5
What is the tens digit of 315?
1
What is the hundreds digit of 694?
6
What is the units digit of 521?
1
What is the units digit of 2120?
0
What is the ten thousands digit of 28286?
2
What is the hundreds digit of 29718?
7
What is the thousands digit of 2718?
2
What is the tens digit of 18366?
6
What is the tens digit of 4829?
2
What is the units digit of 55492?
2
What is the tens digit of 1030?
3
What is the units digit of 35139?
9
What is the units digit of 85408?
8
What is the units digit of 4623?
3
What is the ten thousands digit of 29311?
2
What is the thousands digit of 4985?
4
What is the thousands digit of 29661?
9
What is the tens digit of 936?
3
What is the hundreds digit of 3773?
7
What is the hundreds digit of 1102?
1
What is the units digit of 20186?
6
What is the units digit of 1634?
4
What is the thousands digit of 3125?
3
What is the hundreds digit of 14262?
2
What is the hundreds digit of 8417?
4
What is the tens digit of 7574?
7
What is the thousands digit of 48027?
8
What is the tens digit of 506?
0
What is the hundreds digit of 176?
1
What is the hundreds digit of 7379?
3
What is the ten thousands digit of 19277?
1
What is the thousands digit of 2570?
2
What is the hundreds digit of 150?
1
What is the hundreds digit of 1424?
4
What is the units digit of 363?
3
What is the tens digit of 69998?
9
What is the tens digit of 2409?
0
What is the tens digit of 772?
7
What is the hundreds digit of 70350?
3
What is the units digit of 138258?
8
What is the tens digit of 1575?
7
What is the hundreds digit of 827?
8
What is the units digit of 2472?
2
What is the ten thousands digit of 58722?
5
What is the thousands digit of 2779?
2
What is the ten thousands digit of 83684?
8
What is the tens digit of 77975?
7
What is the tens digit of 6125?
2
What is the tens digit of 98948?
4
What is the units digit of 1752?
2
What is the hundred thousands digit of 109731?
1
What is the thousands digit of 3298?
3
What is the units digit of 133623?
3
What is the thousands digit of 2098?
2
What is the thousands digit of 1995?
1
What is the thousands digit of 4108?
4
What is the hundreds digit of 12159?
1
What is the ten thousands digit of 87260?
8
What is the units digit of 11839?
9
What is the thousands digit of 32359?
2
What is the ten thousands digit of 10588?
1
What is the units digit of 377?
7
What is the hundreds digit of 958?
9
What is the hundreds digit of 552?
5
What is the hundreds digit of 65608?
6
What is the hundreds digit of 3892?
8
What is the thousands digit of 17043?
7
What is the hundreds digit of 7762?
7
What is the ten thousands digit of 23573?
2
What is the tens digit of 2719?
1
What is the thousands digit of 2446?
2
What is the tens digit of 196?
9
What is the thousands digit of 20607?
0
What is the units digit of 4256?
6
What is the units digit of 3313?
3
What is the hundreds digit of 1673?
6
What is the tens digit of 365?
6
What is the tens digit of 2205?
0
What is the tens digit of 12341?
4
What is the thousands digit of 1009?
1
What is the hundreds digit of 3018?
0
What is the thousands digit of 3624?
3
What is the tens digit of 9646?
4
What is the hundreds digit of 12846?
8
What is the units digit of 10650?
0
What is the ten thousands digit of 34752?
3
What is the units digit of 8591?
1
What is the hundreds digit of 3254?
2
What is the units digit of 4482?
2
What is the hundreds digit of 41697?
6
What is the thousands digit of 118924?
8
What is the thousands digit of 6547?
6
What is the thousands digit of 3781?
3
What is the tens digit of 120621?
2
What is the tens digit of 1142?
4
What is the units digit of 1203?
3
What is the tens digit of 6680?
8
What is the tens digit of 16828?
2
What is the ten thousands digit of 41196?
4
What is the thousands digit of 1577?
1
What is the hundreds digit of 145540?
5
What is the ten thousands digit of 20053?
2
What is the hundreds digit of 5568?
5
What is the units digit of 14899?
9
What is the hundreds digit of 1373?
3
What is the tens digit of 98759?
5
What is the thousands digit of 9991?
9
What is the hundreds digit of 2473?
4
What is the units digit of 925?
5
What is the tens digit of 75824?
2
What is the tens digit of 1575?
7
What is the units digit of 309?
9
What is the hundreds digit of 1004?
0
What is the thousands digit of 2435?
2
What is the hundreds digit of 475?
4
What is the hundreds digit of 251?
2
What is